{"id":260,"date":"2020-12-19T18:44:24","date_gmt":"2020-12-19T17:44:24","guid":{"rendered":"http:\/\/www.sp-studio.de\/w\/?page_id=260"},"modified":"2023-04-26T15:27:55","modified_gmt":"2023-04-26T14:27:55","slug":"impressum","status":"publish","type":"page","link":"https:\/\/www.sp-studio.de\/w\/impressum\/","title":{"rendered":"Impressum"},"content":{"rendered":"<p><strong>Verantwortlich f\u00fcr die Inhalte gem\u00e4\u00df \u00a7 5 TMG<\/strong><\/p>\n<p>Janina Himmen<br \/>\nc\/o IP-Management #12056<br \/>\nLudwig-Erhard-Str. 18<br \/>\n20459 Hamburg<br \/>\nDeutschland<\/p>\n<p>E-Mail: j&#97;&#110;&#x69;&#x6e;a&#64;&#115;&#x70;&#x2d;&#x73;t&#117;&#100;&#x69;&#x6f;&#46;d&#101;<br \/>\nTel: 06187 &#8211; 2078789<\/p>\n<p><a href=\"http:\/\/www.sp-studio.de\/w\/privacy-policy\/\" rel=\"noopener\" target=\"_blank\">Datenschutzerkl\u00e4rung<\/a><\/p>\n","protected":false},"excerpt":{"rendered":"<p>Verantwortlich f\u00fcr die Inhalte gem\u00e4\u00df \u00a7 5 TMG Janina Himmen c\/o IP-Management #12056 Ludwig-Erhard-Str. 18 20459 Hamburg Deutschland E-Mail: &#x6a;&#x61;&#x6e;&#x69;&#x6e;&#x61;&#64;&#115;&#112;&#45;stud&#x69;&#x6f;&#x2e;&#x64;&#x65; Tel: 06187 &#8211; 2078789 Datenschutzerkl\u00e4rung<\/p>\n","protected":false},"author":1,"featured_media":0,"parent":0,"menu_order":0,"comment_status":"closed","ping_status":"closed","template":"","meta":{"footnotes":""},"class_list":["post-260","page","type-page","status-publish","hentry"],"aioseo_notices":[],"_links":{"self":[{"href":"https:\/\/www.sp-studio.de\/w\/wp-json\/wp\/v2\/pages\/260","targetHints":{"allow":["GET"]}}],"collection":[{"href":"https:\/\/www.sp-studio.de\/w\/wp-json\/wp\/v2\/pages"}],"about":[{"href":"https:\/\/www.sp-studio.de\/w\/wp-json\/wp\/v2\/types\/page"}],"author":[{"embeddable":true,"href":"https:\/\/www.sp-studio.de\/w\/wp-json\/wp\/v2\/users\/1"}],"replies":[{"embeddable":true,"href":"https:\/\/www.sp-studio.de\/w\/wp-json\/wp\/v2\/comments?post=260"}],"version-history":[{"count":6,"href":"https:\/\/www.sp-studio.de\/w\/wp-json\/wp\/v2\/pages\/260\/revisions"}],"predecessor-version":[{"id":9872,"href":"https:\/\/www.sp-studio.de\/w\/wp-json\/wp\/v2\/pages\/260\/revisions\/9872"}],"wp:attachment":[{"href":"https:\/\/www.sp-studio.de\/w\/wp-json\/wp\/v2\/media?parent=260"}],"curies":[{"name":"wp","href":"https:\/\/api.w.org\/{rel}","templated":true}]}}